t common divisor of 4 and 12.
4
Calculate the greatest common factor of 6507 and 54.
27
Calculate the highest common divisor of 37 and 592.
37
What is the greatest common factor of 9040 and 320?
80
Calculate the greatest common divisor of 1071 and 493.
17
What is the highest common factor of 2633 and 2?
1
Calculate the greatest common factor of 1526 and 14.
14
Calculate the greatest common divisor of 841 and 29.
29
Calculate the greatest common factor of 14 and 10.
2
Calculate the highest common divisor of 29 and 8.
1
What is the greatest common factor of 41 and 697?
41
Calculate the highest common factor of 570 and 30.
30
What is the greatest common divisor of 285 and 4155?
15
What is the highest common factor of 185 and 74?
37
Calculate the highest common divisor of 5994 and 148.
74
Calculate the highest common factor of 9 and 81.
9
What is the highest common factor of 56 and 224?
56
What is the greatest common divisor of 5014 and 46?
46
Calculate the greatest common factor of 7 and 469.
7
What is the greatest common factor of 7 and 616?
7
What is the highest common factor of 1 and 27?
1
What is the greatest common divisor of 168 and 1368?
24
What is the highest common factor of 6 and 678?
6
What is the greatest common divisor of 180 and 630?
90
What is the greatest common divisor of 1837 and 33?
11
What is the highest common divisor of 8 and 14?
2
What is the highest common factor of 331 and 3?
1
What is the greatest common divisor of 10 and 20?
10
Calculate the highest common divisor of 31 and 341.
31
What is the highest common divisor of 388 and 4?
4
Calculate the greatest common factor of 6689 and 1.
1
Calculate the greatest common divisor of 476 and 644.
28
What is the greatest common factor of 567 and 7?
7
Calculate the greatest common factor of 187 and 17.
17
Calculate the greatest common factor of 16 and 1024.
16
Calculate the highest common factor of 228 and 152.
76
Calculate the highest common factor of 27 and 1.
1
What is the highest common factor of 48 and 64?
16
Calculate the greatest common factor of 112 and 336.
112
What is the highest common divisor of 392 and 147?
49
What is the highest common divisor of 80 and 240?
80
What is the greatest common divisor of 49 and 28?
7
Calculate the highest common factor of 1127 and 138.
23
Calculate the highest common divisor of 248 and 310.
62
What is the highest common divisor of 1 and 1372?
1
Calculate the highest common factor of 10 and 145.
5
Calculate the greatest common factor of 150 and 5925.
75
What is the highest common divisor of 7168 and 28?
28
Calculate the highest common factor of 21 and 300.
3
What is the greatest common divisor of 5012 and 28?
28
Calculate the greatest common factor of 11 and 671.
11
Calculate the highest common factor of 332 and 332.
332
What is the greatest common divisor of 1296 and 96?
48
What is the greatest common divisor of 153 and 68?
17
Calculate the highest common divisor of 184 and 8.
8
Calculate the highest common divisor of 187 and 17.
17
Calculate the greatest common factor of 44 and 187.
11
Calculate the highest common divisor of 200 and 700.
100
What is the highest common factor of 18 and 41274?
18
What is the greatest common divisor of 1564 and 952?
68
What is the highest common divisor of 5250 and 1890?
210
What is the greatest common factor of 8 and 548?
4
Calculate the greatest common divisor of 8 and 712.
8
What is the greatest common factor of 918 and 34?
34
Calculate the greatest common divisor of 696 and 6.
6
What is the greatest common factor of 54 and 2511?
27
What is the highest common divisor of 16 and 1072?
16
What is the highest common factor of 1 and 1?
1
Calculate the highest common factor of 143 and 104.
13
What is the greatest common divisor of 17037 and 27?
27
Calculate the highest common factor of 1200 and 210.
30
What is the highest common divisor of 11 and 698?
1
Calculate the highest common divisor of 19 and 95.
19
Calculate the greatest common factor of 245 and 2303.
49
Calculate the highest common factor of 14715 and 135.
135
Calculate the highest common factor of 16 and 1768.
8
Calculate the highest common factor of 23 and 2208.
23
Calculate the greatest common divisor of 497 and 161.
7
What is the greatest common factor of 70 and 182?
14
What is the highest common factor of 1578 and 6?
6
What is the highest common divisor of 4224 and 99?
33
What is the highest common divisor of 147 and 16?
1
What is the highest common factor of 120 and 135?
15
What is the highest common factor of 132 and 4455?
33
Calculate the highest common divisor of 116 and 1972.
116
Calculate the greatest common factor of 7 and 12439.
7
Calculate the highest common factor of 6 and 21.
3
Calculate the highest common divisor of 112 and 64.
16
What is the highest common divisor of 1254 and 114?
114
Calculate the greatest common divisor of 459 and 17.
17
Calculate the greatest common divisor of 18 and 1494.
18
Calculate the greatest common factor of 7248 and 2.
2
Calculate the greatest common divisor of 7 and 11207.
7
Calculate the greatest common factor of 10 and 10870.
10
Calculate the highest common divisor of 4600 and 50.
50
What is the highest common divisor of 22 and 116?
2
What is the greatest common divisor of 33 and 10681?
11
Calculate the greatest common divisor of 1240 and 288.
8
What is the greatest common divisor of 8106 and 42?
42
What is the highest common factor of 187 and 33?
11
Calculate the highest common divisor of 418 and 352.
22
What is the greatest common divisor of 204 and 67524?
204
What is the highest common factor of 219 and 37011?
219
What is the greatest common divisor of 28 and 2044?
28
What is the greatest common factor of 61 and 427?
61
Calculate the highest common factor of 46 and 1242.
46
What is the highest common factor of 19 and 27151?
19
What is the highest common divisor of 10923 and 66?
33
Calculate the highest common factor of 117 and 576.
9
What is the highest common divisor of 16 and 816?
16
Calculate the highest common factor of 2646 and 49.
49
Calculate the highest common factor of 105 and 1995.
105
What is the greatest common divisor of 247 and 689?
13
Calculate the greatest common divisor of 213 and 9.
3
What is the greatest common divisor of 20 and 4?
4
Calculate the highest common divisor of 288 and 612.
36
What is the highest common factor of 2 and 7421?
1
Calculate the highest common divisor of 754 and 116.
58
Calculate the highest common factor of 100 and 180.
20
Calculate the greatest common divisor of 217 and 35.
7
What is the greatest common factor of 90 and 414?
18
What is the highest common divisor of 2560 and 20?
20
Calculate the highest common divisor of 988 and 234.
26
What is the greatest common factor of 138 and 621?
69
Calculate the greatest common factor of 235 and 1833.
47
Calculate the highest common factor of 2270 and 80.
10
Calculate the greatest common divisor of 10 and 690.
10
What is the greatest common divisor of 1 and 43?
1
What is the highest common factor of 216 and 16?
8
Calculate the greatest common divisor of 465 and 255.
15
Calculate the greatest common factor of 150 and 470.
10
Calculate the greatest common factor of 72 and 96.
24
What is the highest common factor of 1304 and 8?
8
Calculate the greatest common factor of 25844 and 142.
142
What is the greatest common divisor of 16 and 10?
2
What is the greatest common factor of 12260 and 60?
20
What is the greatest common divisor of 159 and 689?
53
What is the highest common factor of 495 and 77?
11
Calculate the highest common factor of 60 and 1950.
30
What is the highest common divisor of 5220 and 5?
5
Calculate the greatest common divisor of 33977 and 61.
61
What is the greatest common divisor of 1334 and 138?
46
What is the greatest common factor of 754 and 832?
26
Calculate the greatest common factor of 42 and 34923.
21
What is the greatest common factor of 660 and 3?
3
What is the greatest common factor of 45 and 216?
9
Calculate the greatest common divisor of 43 and 3225.
43
Calculate the highest common factor of 8349 and 69.
69
What is the greatest common factor of 155 and 682?
31
What is the highest common factor of 84 and 204?
12
Calculate the highest common factor of 5275 and 25.
25
What is the highest co